 number?
False
Is 615477991 prime?
False
Is 69528165769 composite?
True
Is 25303348349 a composite number?
True
Is 2208776719 prime?
True
Is 31883209823 prime?
True
Is 54816689 prime?
True
Is 17973418759 a prime number?
False
Is 38244564563 composite?
False
Is 888841853 a prime number?
False
Is 1296045647 a composite number?
True
Is 44006375141 a composite number?
False
Is 333199849 prime?
True
Is 784570099 composite?
False
Is 734745743 a composite number?
False
Is 365891437 prime?
True
Is 17064882113 prime?
True
Is 574129711 prime?
False
Is 51505059949 prime?
False
Is 1205040431 a prime number?
False
Is 15624153001 prime?
False
Is 6399982153 prime?
True
Is 2955092717 composite?
False
Is 2126700049 a composite number?
True
Is 5220696911 composite?
True
Is 15538463 composite?
True
Is 41390911997 a prime number?
True
Is 2021936269 a composite number?
False
Is 777799631 a composite number?
True
Is 1544616341 a prime number?
True
Is 114520012595 prime?
False
Is 1470627887 a prime number?
True
Is 431220859 prime?
False
Is 263159103 a composite number?
True
Is 32224989853 composite?
True
Is 75894761 prime?
True
Is 3214059749 prime?
False
Is 163800643 prime?
True
Is 10166591 prime?
False
Is 3617210543 prime?
True
Is 7165178729 a prime number?
True
Is 542484101 a composite number?
False
Is 21847071167 a prime number?
False
Is 11252089507 a prime number?
True
Is 16725388591 a composite number?
False
Is 9010696939 a prime number?
False
Is 11141182979 prime?
True
Is 397648451 prime?
False
Is 773521733 composite?
False
Is 1296106439 composite?
True
Is 15202632031 a composite number?
True
Is 19660356557 a composite number?
True
Is 12004742731 prime?
True
Is 738644201 prime?
True
Is 161786611117 prime?
False
Is 531961291 a prime number?
False
Is 7576494791 prime?
False
Is 134995662149 composite?
True
Is 44646657469 a composite number?
False
Is 60724755049 a composite number?
True
Is 46502728159 prime?
False
Is 3299805361 composite?
False
Is 346944119 prime?
False
Is 1259629571 a composite number?
True
Is 118537382449 composite?
True
Is 1306535359 prime?
False
Is 98869051 prime?
True
Is 2724171335 prime?
False
Is 9619852483 prime?
True
Is 173303937673 prime?
True
Is 28312552727 a composite number?
False
Is 38876764294 a composite number?
True
Is 978459841 prime?
True
Is 23102711911 a prime number?
False
Is 406307787 a prime number?
False
Is 524143933 a composite number?
False
Is 7181469707 a prime number?
True
Is 296508967 composite?
False
Is 3288184741 a prime number?
False
Is 2743053893 a prime number?
False
Is 24561827435 a prime number?
False
Is 32145520513 a composite number?
True
Is 17204948399 a composite number?
False
Is 60637082959 composite?
False
Is 2112463919 a prime number?
True
Is 77125327 composite?
False
Is 56419874713 composite?
True
Is 1047654211 prime?
True
Is 7278995879 a composite number?
False
Is 46466710349 a composite number?
True
Is 91344006271 a prime number?
False
Is 5496711227 composite?
True
Is 147035147299 a composite number?
False
Is 12108511703 a composite number?
False
Is 314108789 a prime number?
True
Is 14089159537 a composite number?
False
Is 1197201 a composite number?
True
Is 256689431 a composite number?
False
Is 1853772091 a prime number?
False
Is 54641597 a prime number?
False
Is 29038290317 a composite number?
True
Is 609412469 a composite number?
True
Is 27793504157 prime?
True
Is 5154591107 prime?
True
Is 36593648227 composite?
False
Is 6489247967 composite?
True
Is 483581333 a prime number?
False
Is 189065749 a prime number?
True
Is 399068737 composite?
True
Is 200364167 prime?
True
Is 4623491647 composite?
True
Is 331663885277 prime?
True
Is 1333043167 a prime number?
True
Is 3432219829 a composite number?
False
Is 1916569429 a prime number?
False
Is 32100784879 a composite number?
True
Is 376130767 prime?
False
Is 743692277 a prime number?
False
Is 48535787917 a composite number?
True
Is 8328257247 a prime number?
False
Is 1278590767939 a composite number?
False
Is 953421265 a prime number?
False
Is 13743105421 a prime number?
False
Is 661316251 composite?
False
Is 2738133479 prime?
True
Is 65079186841 a composite number?
False
Is 12016249129 composite?
True
Is 18939505733 a composite number?
True
Is 64109484347 prime?
False
Is 1034946839 composite?
False
Is 47781233393 composite?
False
Is 14960297 a composite number?
True
Is 12256649303 a composite number?
False
Is 430019147 composite?
True
Is 174851569 composite?
True
Is 273875941 prime?
False
Is 21752656703 prime?
True
Is 5939228443 composite?
True
Is 5547142885 a prime number?
False
Is 8962005113 a prime number?
True
Is 2053642567 a composite number?
True
Is 1895426537 composite?
False
Is 82597783 a composite number?
False
Is 19854696626 a composite number?
True
Is 404942183 prime?
True
Is 17156973749 a composite number?
False
Is 3254714887 composite?
True
Is 137204581 composite?
False
Is 6011830469 composite?
True
Is 115773691331 a prime number?
True
Is 42793927481 a prime number?
False
Is 752621101 a prime number?
False
Is 22458014393 prime?
False
Is 1016822557 composite?
True
Is 373956773 prime?
False
Is 238195145797 composite?
True
Is 12689230441 composite?
False
Is 24750251291 composite?
False
Is 1698491633 a composite number?
True
Is 1335581245 a composite number?
True
Is 76720577719 prime?
False
Is 1381865293 prime?
False
Is 318474329 a composite number?
False
Is 3330731447 a composite number?
False
Is 206276305931 a composite number?
True
Is 1193242955 composite?
True
Is 978414713 a prime number?
True
Is 179036773 composite?
False
Is 403424261 prime?
False
Is 462491987 prime?
False
Is 9064906689 prime?
False
Is 332008447 a prime number?
False
Is 196555594207 composite?
True
Is 376594451 composite?
True
Is 930180813 a prime number?
False
Is 4361335463 a prime number?
False
Is 306483445907 composite?
True
Is 2701192862 prime?
False
Is 6458056489 a prime number?
False
Is 19867432681 composite?
True
Is 596862559 composite?
False
Is 39262878857 prime?
False
Is 98035999 a prime number?
False
Is 18386912879 composite?
False
Is 4820151437 a composite number?
False
Is 5461015571 a prime number?
False
Is 248088943 a prime number?
False
Is 447613711 composite?
False
Is 70762819 prime?
False
Is 38417717453 a composite number?
False
Is 1195731113 prime?
True
Is 793059133 a composite number?
True
Is 2990429287 a composite number?
True
Is 12360009047 prime?
False
Is 520483771 a prime number?
True
Is 6853442803 prime?
False
Is 8261592026 a composite number?
True
Is 592462021 a composite number?
False
Is 726324299 a composite number?
True
Is 190590641 composite?
False
Is 7741703 composite?
False
Is 31169770661 a composite number?
True
Is 202397579 a composite number?
True
Is 7875724331 a composite number?
True
Is 701935267 a prime number?
False
Is 550584781 prime?
True
Is 198016301363 a composite number?
False
Is 1658468657 a prime number?
True
Is 2240921767 prime?
False
Is 1733359703 a composite number?
True
Is 26036767 composite?
True
Is 1792093129 a prime number?
False
Is 17930702 a composite number?
True
Is 3118706807 a prime number?
True
Is 3990977807 a prime number?
False
Is 18522093659 composite?
False
Is 1220790521 prime?
True
Is 45968781499 a composite number?
True
Is 11147288891 a prime number?
False
Is 158632232089 composite?
True
Is 4882688911 a composite number?
False
Is 119729681 prime?
True
Is 1686567757 prime?
False
Is 1934010241 prime?
False
Is 1189562993 prime?
True
Is 540582059 prime?
True
Is 2333912297 a composite number?
True
Is 90906411851 a composite number?
True
Is 413308967 a composite number?
False
Is 4521034697 a composite number?
False
Is 214768241 a prime number?
False
Is 65247463643 composite?
False
Is 225042595 a prime number?
False
Is 888895879 a composite number?
True
Is 473588155 composite?
True
Is 1689490571 a composite number?
False
Is 405355903 a composite number?
True
Is 1213648573 composite?
True
Is 675049951 a composite number?
True
Is 8960944287 composite?
True
Is 135778457 prime?
True
Is 60914757649 prime?
True
Is 1705629011 a prime number?
False
Is 14186085671 composite?
True
Is 570124769 prime?
True
Is 2790476561 composite?
False
Is 3902916263 a composite number?
False
Is 116302273 a composite number?
True
Is 152339665